emainder when t is divided by -52*(0 - (-3)/(-6)).
23
Suppose 0 = -5*s + 11*s - 198. What is the remainder when 130 is divided by s?
31
Let d = -93 + 103. Suppose 16 = j - 3*m + 4, 4*m + 18 = 2*j. What is the remainder when d is divided by j?
1
Suppose 0 = 2*r - 5*x + 2 - 11, -45 = -5*r + 5*x. Calculate the remainder when 34 is divided by r.
10
Suppose 5*o - 3*o - 88 = 0. What is the remainder when o is divided by 23?
21
Suppose -3 + 21 = 3*c. Let u = 35 - 26. What is the remainder when u is divided by c?
3
Calculate the remainder when 57 is divided by -6 + 35 + (1 - 1).
28
Let x(k) = -k**3 + 7*k + 7. What is the remainder when x(-4) is divided by 9?
7
Let l(u) = -u**3 - u**2 + 2*u + 2. Let w be l(-2). Suppose 5*r = -3*k - 4 + w, -r - 3*k - 10 = 0. Calculate the remainder when 2 is divided by r.
0
Let c(q) = 5*q - 1. What is the remainder when 10 is divided by c(1)?
2
Let r(w) = -w**2 + 7*w. Let n be r(6). What is the remainder when 7 is divided by 1/(-2) - (-21)/n?
1
Let w(b) = 7*b - 11. Calculate the remainder when w(4) is divided by 5.
2
Let c(r) = 4*r**3 - 17*r**2 - 6*r + 5. Let p(n) = -2*n**3 + 9*n**2 + 3*n - 3. Let f(j) = 6*c(j) + 11*p(j). What is the remainder when 28 is divided by f(3)?
13
Let g(j) = j**3 + 15*j**2 + 26*j + 16. Let s(q) = 3*q**2 + 5*q + 3. Let r(a) = 2*g(a) - 11*s(a). Calculate the remainder when 33 is divided by r(3).
16
Let y = -13 + 8. Let m = y + 8. Calculate the remainder when 5 is divided by m.
2
Let j(l) = -l**3 - l**2 + l + 4. Let b(f) = f**3 + 9*f**2 + 5*f - 18. What is the remainder when b(-8) is divided by j(0)?
2
Suppose 0 = -5*z - 2*a + 27, -2*a + 4 = -z + 19. Let n = 7 + -2. Suppose -3*t = n*r - 51 + 10, -r - t = -z. Calculate the remainder when 29 is divided by r.
9
Calculate the remainder when (400/(-140))/(5/7 - 1) is divided by 7.
3
What is the remainder when (-7 - -3) + 49 + 2 is divided by 7?
5
Let u = 39 + -21. Suppose 0 = 2*r + 5*b - 9, -2*r + b = -0*b + 21. What is the remainder when u is divided by (-7)/((-21)/6) - r?
8
Let u(c) = -14*c**2 - 2*c - 1. Let y be u(-1). Let n be -3*(-6)/9 + 21. Let a = y + n. What is the remainder when 19 is divided by a?
9
Let j(u) = 2*u + 4. Calculate the remainder when 37 is divided by j(3).
7
Suppose -5*h + 9 + 1 = 0. Suppose h*u + 2*x = -u + 12, 4 = u + 3*x. What is the remainder when 4 is divided by u?
0
Suppose 0 = -2*a + 21 - 3. Suppose 0 = 21*i - 17*i - 20. Suppose -i*b = -0*b - 130. Calculate the remainder when b is divided by a.
8
Let t(z) = z**2 - 5*z + 2. Let m be t(7). Let n = -22 + m. What is the remainder when 8 is divided by (-13)/(-3) + (-4)/n?
3
Suppose -k + 4*k + 17 = q, 2*q + 3*k + 2 = 0. What is the remainder when 13 is divided by q?
3
Calculate the remainder when (4 - 3/1)*118 is divided by 30.
28
Let q(p) = -12*p + 5. Let y(k) = 3*k - 1. Let m be 70/(-8) + 4/(-16). Let d(j) = m*y(j) - 2*q(j). Calculate the remainder when 29 is divided by d(-3).
5
Suppose 4*u - 34 = 3*m, 0*m + 4*m = 4*u - 40. What is the remainder when -6*m*(-1)/(-4) is divided by 6?
3
Suppose 3*x - 3 = -4*k + 145, -4*x - k + 193 = 0. Suppose -w = w - x. Calculate the remainder when 71 + (-2 - (2 + -3)) is divided by w.
22
Suppose 3*g + 2*w + 3*w - 44 = 0, -g = -w - 12. What is the remainder when 49 is divided by g?
10
Calculate the remainder when 60 is divided by ((-1)/(-1))/(16/512).
28
Let w = 2 + 9. What is the remainder when w is divided by 6?
5
Suppose -4*v + 242 = 2*x - 2, 138 = 2*v + 5*x. Calculate the remainder when v is divided by 20.
19
Let i(q) = -q**3 + 7*q**2 + 11*q - 8. Let o be i(8). Calculate the remainder when 30 is divided by (1/(-3))/(o/(-384)).
6
Let i = 2 - -2. Suppose -6*d + 2*d = -i*q - 40, 5*d - 3*q = 48. What is the remainder when d is divided by 4?
1
What is the remainder when 47 is divided by 214/14 - -1 - (-28)/(-98)?
15
Suppose -8 = o - 0*o. Let u = -3 - o. Let h(l) = -l**2 - 5*l - 1. Calculate the remainder when u is divided by h(-4).
2
Suppose 2*s + 0*s = 0. Suppose s = 3*y - 5*y + 24. What is the remainder when 22 is divided by y?
10
Let n(l) = 3*l + 2. Suppose -f = -0*f - 5. Calculate the remainder when n(f) is divided by 9.
8
Let a(g) = 3*g**2 - 2*g - 4. Let h = -1 - -10. Calculate the remainder when a(3) is divided by h.
8
What is the remainder when 51 is divided by (26 + 6)/(1/(3/6))?
3
Suppose 2*a + 24 = -k - k, -k = -4*a + 12. Let t = k + 19. Calculate the remainder when 20 is divided by t.
6
Suppose 21 = o - 5. Suppose 9*u - 170 = -8*u. What is the remainder when o is divided by u?
6
Suppose f = -17 + 70. Suppose f + 92 = 5*d. What is the remainder when d is divided by 15?
14
Suppose -2*f = 3*f. Suppose 22 = l + 5*t, 5*t - 18 = -f*l + l. What is the remainder when 1*6/9*3 is divided by l?
0
Let z = -5 + 24. Calculate the remainder when z is divided by 11.
8
Suppose 0 = -10*x + 5*x + 95. Calculate the remainder when x is divided by 6*(-3 - (-42)/9).
9
Let q(d) = -d**3 - 7*d**2 - 6*d + 5. Let l(c) = 2*c**3 - c**2 + 2*c - 1. Calculate the remainder when q(-6) is divided by l(1).
1
Let f(s) = s**2 - 4*s - 4. Let t = -75 - -90. What is the remainder when t is divided by f(6)?
7
Suppose -2*b = b - 36. Suppose 0 = 3*a + 2*a + 85. Let c = 17 - a. What is the remainder when c is divided by b?
10
Suppose -73 + 26 = -2*m + 3*p, -4*p + 104 = 4*m. What is the remainder when 74 is divided by m?
24
Let a = 39 + 34. What is the remainder when a is divided by 15?
13
Suppose 104 = 14*o - 12*o. What is the remainder when o is divided by 11?
8
Suppose -2*s + i + 34 = 0, 92 = 4*s - 0*i + 4*i. Calculate the remainder when 36 is divided by s.
17
Suppose -p = -33 + 1. Let w = 1 + 1. Suppose -w*h = 2*h - p. Calculate the remainder when 22 is divided by h.
6
Let s = 8 + -9. Let m = s + 10. What is the remainder when m is divided by 3?
0
Suppose 0 = -4*r - 0*r + 40. Let m = r - -2. What is the remainder when 46 is divided by m?
10
Suppose -4*p + 54 = -p. Suppose -y = -3*y + 70. What is the remainder when y is divided by p?
17
Suppose 3*q - 4*o = 196, 0 = q - 4*o + o - 62. Calculate the remainder when q is divided by 24.
20
Let j(v) = -v + 9. Let w be j(9). Suppose 2*c - 5*c + 45 = w. Calculate the remainder when 44 is divided by c.
14
Let p = 47 + -24. Let x = -226 + 234. Calculate the remainder when p is divided by x.
7
Suppose 40 = -0*p + p. Calculate the remainder when p is divided by -1*(16*-1 - -2).
12
Suppose -250 = -10*n + 5*n. Calculate the remainder when n is divided by 13.
11
Suppose -2*r + 3*h - 43 = -6*r, -h + 5 = 0. Suppose -3*q + 129 = 21*z - 16*z, 0 = -3*q - 6. Calculate the remainder when z is divided by r.
6
Let v(o) be the second derivative of o**4/2 + 2*o**2 + o. What is the remainder when v(3) is divided by 15?
13
Let d(c) = c**3 + 7*c**2 + 6*c + 3. Calculate the remainder when d(-5) is divided by ((-9)/(-12))/(1/16).
11
Let g(d) = d**2 - 3*d + 3. Let p be (-14)/(-4) - 4/(-8). Suppose 3*f - 28 = -4*w - p, -4*w + 28 = 4*f. Calculate the remainder when 20 is divided by g(f).
6
Let r(j) = 66*j**3 + j**2. Let m be r(-1). Let g = m - -91. What is the remainder when g is divided by 9?
8
What is the remainder when 60 + (2 - 5) + 15/3 is divided by 21?
20
Suppose q - 6 = -9. Let o = 8 + q. Let p = -14 - -27. Calculate the remainder when p is divided by o.
3
Suppose 3*c = -2*c + 20. Calculate the remainder when 1228/10 + c/20 is divided by 31.
30
Suppose -59 = -5*d - 4. Let k(f) = f**3 - 3*f**2 - 5*f + 5. Calculate the remainder when k(5) is divided by d.
8
Let m = 14 + -9. Let q = -1 + m. Suppose 124 = q*c - 12. Calculate the remainder when c is divided by 12.
10
Let c = -28 - -61. What is the remainder when c is divided by 10?
3
Let j(w) = w**3 + 9*w**2 + w - 9. What is the remainder when j(-8) is divided by (18/(-24))/(1/(-16))?
11
Suppose 2*v = -2*v. Suppose 0 = 3*j - 6 - v. Calculate the remainder when j is divided by 9/5 - 8/(-40).
0
What is the remainder when ((-6)/2)/(1/(-31)) is divided by 32?
29
Let j(z) = z**2 - 26*z + 7. What is the remainder when 13 is divided by j(26)?
6
Let i(m) = -5*m**3 - m**2 + 2*m + 2. Let f(x) = -x**2 + 7*x. Calculate the remainder when f(6) is divided by i(-1).
2
Let c = -19 + 13. What is the remainder when 35 - (-1)/((-3)/c) is divided by (-1)/(-2)*-13*-2?
11
Suppose -3*f = 5*j - 70, 0*f + 2*j - 73 = -3*f. Cal